{"id":464,"date":"2022-04-06T17:47:56","date_gmt":"2022-04-06T17:47:56","guid":{"rendered":"https:\/\/viverosdechile.cl\/agrotrade-peru\/?page_id=464"},"modified":"2024-04-23T21:07:27","modified_gmt":"2024-04-23T21:07:27","slug":"inicio-prueba","status":"publish","type":"page","link":"https:\/\/viverosdechile.cl\/agrotrade-peru\/inicio-prueba\/","title":{"rendered":"Inicio-PRUEBA"},"content":{"rendered":"[et_pb_section fb_built=\u00bb1&#8243; admin_label=\u00bbPricing\u00bb _builder_version=\u00bb4.17.4&#8243; _module_preset=\u00bbdefault\u00bb background_color=\u00bb#f2f2f2&#8243; background_enable_image=\u00bboff\u00bb background_size=\u00bbcontain\u00bb background_position=\u00bbbottom_center\u00bb custom_padding=\u00bb26px||3vw||false|false\u00bb global_colors_info=\u00bb{}\u00bb][et_pb_row column_structure=\u00bb1_3,1_3,1_3&#8243; use_custom_gutter=\u00bbon\u00bb gutter_width=\u00bb2&#8243; make_equal=\u00bbon\u00bb _builder_version=\u00bb4.19.5&#8243; _module_preset=\u00bbdefault\u00bb width=\u00bb81%\u00bb max_width=\u00bb1442px\u00bb custom_margin=\u00bb9px|auto||auto||\u00bb use_custom_width=\u00bbon\u00bb custom_width_px=\u00bb1280px\u00bb global_colors_info=\u00bb{}\u00bb][et_pb_column type=\u00bb1_3&#8243; _builder_version=\u00bb4.16&#8243; _module_preset=\u00bbdefault\u00bb custom_padding=\u00bb|||\u00bb global_colors_info=\u00bb{}\u00bb custom_padding__hover=\u00bb|||\u00bb][et_pb_pricing_tables header_background_color=\u00bb#ffffff\u00bb bullet_color=\u00bb#ff8f00&#8243; _builder_version=\u00bb4.19.5&#8243; _module_preset=\u00bbdefault\u00bb price_text_color=\u00bb#000000&#8243; subheader_text_color=\u00bb#666666&#8243; header_text_color=\u00bb#ff8f00&#8243; header_level=\u00bbh4&#8243; header_font=\u00bbRubik||||||||\u00bb header_line_height=\u00bb1.4em\u00bb body_font=\u00bb||||||||\u00bb body_font_size=\u00bb16px\u00bb subheader_font=\u00bb||||||||\u00bb subheader_font_size=\u00bb14px\u00bb subheader_line_height=\u00bb1.7em\u00bb price_font=\u00bbRubik|500|||||||\u00bb price_font_size=\u00bb50px\u00bb currency_frequency_font=\u00bb||||||||\u00bb background_color=\u00bb#ffffff\u00bb custom_button=\u00bbon\u00bb button_text_size=\u00bb13px\u00bb button_text_color=\u00bb#ff8f00&#8243; button_bg_color=\u00bbrgba(255,143,0,0.1)\u00bb button_border_width=\u00bb10px\u00bb button_border_color=\u00bbrgba(0,0,0,0)\u00bb button_border_radius=\u00bb5px\u00bb button_letter_spacing=\u00bb1px\u00bb button_font=\u00bbRubik|||on|||||\u00bb button_use_icon=\u00bboff\u00bb button_alignment=\u00bbcenter\u00bb text_orientation=\u00bbleft\u00bb custom_padding=\u00bb|40px||40px|false|true\u00bb animation_style=\u00bbzoom\u00bb animation_intensity_zoom=\u00bb20%\u00bb body_font_size_phone=\u00bb14px\u00bb body_font_size_last_edited=\u00bboff|desktop\u00bb custom_css_pricing_top=\u00bbborder-color:rgba(0,0,0,0.06) !important;\u00bb border_radii=\u00bbon|24px|24px|24px|24px\u00bb border_width_all=\u00bb0px\u00bb button_letter_spacing_hover=\u00bb1px\u00bb global_colors_info=\u00bb{}\u00bb button_text_size__hover_enabled=\u00bboff\u00bb button_one_text_size__hover_enabled=\u00bboff\u00bb button_two_text_size__hover_enabled=\u00bboff\u00bb button_text_color__hover_enabled=\u00bboff\u00bb button_one_text_color__hover_enabled=\u00bboff\u00bb button_two_text_color__hover_enabled=\u00bboff\u00bb button_border_width__hover_enabled=\u00bboff\u00bb button_one_border_width__hover_enabled=\u00bboff\u00bb button_two_border_width__hover_enabled=\u00bboff\u00bb button_border_color__hover_enabled=\u00bboff\u00bb button_one_border_color__hover_enabled=\u00bboff\u00bb button_two_border_color__hover_enabled=\u00bboff\u00bb button_border_radius__hover_enabled=\u00bboff\u00bb button_one_border_radius__hover_enabled=\u00bboff\u00bb button_two_border_radius__hover_enabled=\u00bboff\u00bb button_letter_spacing__hover_enabled=\u00bbon\u00bb button_letter_spacing__hover=\u00bb1px\u00bb button_one_letter_spacing__hover_enabled=\u00bboff\u00bb button_two_letter_spacing__hover_enabled=\u00bboff\u00bb button_bg_color__hover_enabled=\u00bboff\u00bb button_one_bg_color__hover_enabled=\u00bboff\u00bb button_two_bg_color__hover_enabled=\u00bboff\u00bb][et_pb_pricing_table title=\u00bbPack Stand Silver\u00bb subtitle=\u00bbValor:\u00bb currency=\u00bb$\u00bb per=\u00bb+ IVA \u00bb sum=\u00bb1.500.000&#8243; button_url=\u00bb#\u00bb bullet_color=\u00bb#000000&#8243; _builder_version=\u00bb4.19.5&#8243; _module_preset=\u00bbdefault\u00bb header_level=\u00bbh4&#8243; header_font=\u00bbVerdana|700|||||||\u00bb header_text_color=\u00bb#686868&#8243; header_font_size=\u00bb25px\u00bb subheader_font=\u00bbVerdana|600|||||||\u00bb subheader_text_color=\u00bb#000000&#8243; subheader_font_size=\u00bb18px\u00bb price_font=\u00bbVerdana|700|||||||\u00bb price_font_size=\u00bb25px\u00bb box_shadow_style=\u00bbpreset1&#8243; box_shadow_vertical=\u00bb90px\u00bb box_shadow_blur=\u00bb160px\u00bb box_shadow_color=\u00bbrgba(0,0,0,0.06)\u00bb global_colors_info=\u00bb{}\u00bb button_text_size__hover_enabled=\u00bboff\u00bb button_one_text_size__hover_enabled=\u00bboff\u00bb button_two_text_size__hover_enabled=\u00bboff\u00bb button_text_color__hover_enabled=\u00bboff\u00bb button_one_text_color__hover_enabled=\u00bboff\u00bb button_two_text_color__hover_enabled=\u00bboff\u00bb button_border_width__hover_enabled=\u00bboff\u00bb button_one_border_width__hover_enabled=\u00bboff\u00bb button_two_border_width__hover_enabled=\u00bboff\u00bb button_border_color__hover_enabled=\u00bboff\u00bb button_one_border_color__hover_enabled=\u00bboff\u00bb button_two_border_color__hover_enabled=\u00bboff\u00bb button_border_radius__hover_enabled=\u00bboff\u00bb button_one_border_radius__hover_enabled=\u00bboff\u00bb button_two_border_radius__hover_enabled=\u00bboff\u00bb button_letter_spacing__hover_enabled=\u00bboff\u00bb button_one_letter_spacing__hover_enabled=\u00bboff\u00bb button_two_letter_spacing__hover_enabled=\u00bboff\u00bb button_bg_color__hover_enabled=\u00bboff\u00bb button_one_bg_color__hover_enabled=\u00bboff\u00bb button_two_bg_color__hover_enabled=\u00bboff\u00bb sticky_transition=\u00bbon\u00bb]Espacio Stand 3 x 2 m2<br \/>\n1 Enchufe 100 w<br \/>\n5 entradas full (valor ref: $80.000 c\/u)<br \/>\nDifusi\u00f3n en redes sociales AGV (Linkedin, Instagram, Youtube, Twitter y Facebook)*<br \/>\nLogo empresa en Web y Gr\u00e1fica del evento[\/et_pb_pricing_table][\/et_pb_pricing_tables][et_pb_text _builder_version=\u00bb4.19.5&#8243; _module_preset=\u00bbdefault\u00bb text_font_size=\u00bb17px\u00bb global_colors_info=\u00bb{}\u00bb]<strong>Modulaci\u00f3n Stand opcional. Valor adicional desde $660.000 + IVA (incluye estructura, gr\u00e1fica y mobiliario)<\/strong>[\/et_pb_text][et_pb_text _builder_version=\u00bb4.17.4&#8243; _module_preset=\u00bbdefault\u00bb global_colors_info=\u00bb{}\u00bb]<strong>*Empresa debe otorgar video e im\u00e1genes a difundir.<\/strong>[\/et_pb_text][\/et_pb_column][et_pb_column type=\u00bb1_3&#8243; _builder_version=\u00bb4.16&#8243; _module_preset=\u00bbdefault\u00bb custom_padding=\u00bb|||\u00bb global_colors_info=\u00bb{}\u00bb custom_padding__hover=\u00bb|||\u00bb][et_pb_pricing_tables header_background_color=\u00bb#ffffff\u00bb bullet_color=\u00bb#ff8f00&#8243; _builder_version=\u00bb4.19.5&#8243; _module_preset=\u00bbdefault\u00bb price_text_color=\u00bb#000000&#8243; subheader_text_color=\u00bb#666666&#8243; header_text_color=\u00bb#ff8f00&#8243; header_level=\u00bbh4&#8243; header_font=\u00bbRubik||||||||\u00bb header_line_height=\u00bb1.4em\u00bb body_font=\u00bb||||||||\u00bb body_font_size=\u00bb16px\u00bb subheader_font=\u00bb||||||||\u00bb subheader_font_size=\u00bb14px\u00bb subheader_line_height=\u00bb1.7em\u00bb price_font=\u00bbVerdana|500|||||||\u00bb price_font_size=\u00bb50px\u00bb currency_frequency_font=\u00bb||||||||\u00bb background_color=\u00bb#ffffff\u00bb custom_button=\u00bbon\u00bb button_text_size=\u00bb13px\u00bb button_text_color=\u00bb#ff8f00&#8243; button_bg_color=\u00bbrgba(255,143,0,0.1)\u00bb button_border_width=\u00bb10px\u00bb button_border_color=\u00bbrgba(0,0,0,0)\u00bb button_border_radius=\u00bb5px\u00bb button_letter_spacing=\u00bb1px\u00bb button_font=\u00bbRubik|||on|||||\u00bb button_use_icon=\u00bboff\u00bb button_alignment=\u00bbcenter\u00bb text_orientation=\u00bbleft\u00bb custom_padding=\u00bb|40px||40px|false|true\u00bb animation_style=\u00bbzoom\u00bb animation_intensity_zoom=\u00bb20%\u00bb body_font_size_phone=\u00bb14px\u00bb body_font_size_last_edited=\u00bboff|desktop\u00bb custom_css_pricing_top=\u00bbborder-color:rgba(0,0,0,0.06) !important;\u00bb border_radii=\u00bbon|24px|24px|24px|24px\u00bb border_width_all=\u00bb0px\u00bb button_letter_spacing_hover=\u00bb1px\u00bb global_colors_info=\u00bb{}\u00bb button_text_size__hover_enabled=\u00bboff\u00bb button_one_text_size__hover_enabled=\u00bboff\u00bb button_two_text_size__hover_enabled=\u00bboff\u00bb button_text_color__hover_enabled=\u00bboff\u00bb button_one_text_color__hover_enabled=\u00bboff\u00bb button_two_text_color__hover_enabled=\u00bboff\u00bb button_border_width__hover_enabled=\u00bboff\u00bb button_one_border_width__hover_enabled=\u00bboff\u00bb button_two_border_width__hover_enabled=\u00bboff\u00bb button_border_color__hover_enabled=\u00bboff\u00bb button_one_border_color__hover_enabled=\u00bboff\u00bb button_two_border_color__hover_enabled=\u00bboff\u00bb button_border_radius__hover_enabled=\u00bboff\u00bb button_one_border_radius__hover_enabled=\u00bboff\u00bb button_two_border_radius__hover_enabled=\u00bboff\u00bb button_letter_spacing__hover_enabled=\u00bbon\u00bb button_letter_spacing__hover=\u00bb1px\u00bb button_one_letter_spacing__hover_enabled=\u00bboff\u00bb button_two_letter_spacing__hover_enabled=\u00bboff\u00bb button_bg_color__hover_enabled=\u00bboff\u00bb button_one_bg_color__hover_enabled=\u00bboff\u00bb button_two_bg_color__hover_enabled=\u00bboff\u00bb][et_pb_pricing_table title=\u00bbPack Stand Gold\u00bb subtitle=\u00bbValor:\u00bb currency=\u00bb$\u00bb per=\u00bb+ IVA \u00bb sum=\u00bb1.900.000&#8243; button_url=\u00bb#\u00bb _builder_version=\u00bb4.19.5&#8243; _module_preset=\u00bbdefault\u00bb header_level=\u00bbh4&#8243; header_font=\u00bbVerdana|700|||||||\u00bb header_text_color=\u00bb#E09900&#8243; header_font_size=\u00bb25px\u00bb subheader_font=\u00bbVerdana|600|||||||\u00bb subheader_text_color=\u00bb#000000&#8243; subheader_font_size=\u00bb18px\u00bb price_font=\u00bbVerdana|700|||||||\u00bb price_font_size=\u00bb25px\u00bb price_line_height=\u00bb4px\u00bb box_shadow_style=\u00bbpreset1&#8243; box_shadow_vertical=\u00bb90px\u00bb box_shadow_blur=\u00bb160px\u00bb box_shadow_color=\u00bbrgba(0,0,0,0.06)\u00bb global_colors_info=\u00bb{}\u00bb button_text_size__hover_enabled=\u00bboff\u00bb button_one_text_size__hover_enabled=\u00bboff\u00bb button_two_text_size__hover_enabled=\u00bboff\u00bb button_text_color__hover_enabled=\u00bboff\u00bb button_one_text_color__hover_enabled=\u00bboff\u00bb button_two_text_color__hover_enabled=\u00bboff\u00bb button_border_width__hover_enabled=\u00bboff\u00bb button_one_border_width__hover_enabled=\u00bboff\u00bb button_two_border_width__hover_enabled=\u00bboff\u00bb button_border_color__hover_enabled=\u00bboff\u00bb button_one_border_color__hover_enabled=\u00bboff\u00bb button_two_border_color__hover_enabled=\u00bboff\u00bb button_border_radius__hover_enabled=\u00bboff\u00bb button_one_border_radius__hover_enabled=\u00bboff\u00bb button_two_border_radius__hover_enabled=\u00bboff\u00bb button_letter_spacing__hover_enabled=\u00bboff\u00bb button_one_letter_spacing__hover_enabled=\u00bboff\u00bb button_two_letter_spacing__hover_enabled=\u00bboff\u00bb button_bg_color__hover_enabled=\u00bboff\u00bb button_one_bg_color__hover_enabled=\u00bboff\u00bb button_two_bg_color__hover_enabled=\u00bboff\u00bb sticky_transition=\u00bbon\u00bb]Espacio Stand 3 x 2 m2<br \/>\n7 entradas full (valor ref: $80.000 c\/u)<br \/>\n1 Enchufe 100 w<br \/>\nDifusi\u00f3n en redes sociales AGV (Linkedin, Instagram, Youtube, Twitter y Facebook)*<br \/>\nVideo empresa en transmisi\u00f3n del evento*<br \/>\nLogo empresa en Web y Gr\u00e1fica del evento<br \/>\nNoticia empresa en web <a href=\"http:\/\/www.viverosdechile.cl\">www.viverosdechile.cl<\/a> y comunicado AGV*[\/et_pb_pricing_table][\/et_pb_pricing_tables][et_pb_text _builder_version=\u00bb4.17.4&#8243; _module_preset=\u00bbdefault\u00bb global_colors_info=\u00bb{}\u00bb]<strong>*Empresa debe otorgar video e im\u00e1genes a difundir.<\/strong>[\/et_pb_text][\/et_pb_column][et_pb_column type=\u00bb1_3&#8243; _builder_version=\u00bb4.16&#8243; _module_preset=\u00bbdefault\u00bb custom_padding=\u00bb|||\u00bb global_colors_info=\u00bb{}\u00bb custom_padding__hover=\u00bb|||\u00bb][et_pb_pricing_tables header_background_color=\u00bb#ffffff\u00bb bullet_color=\u00bb#ff8f00&#8243; _builder_version=\u00bb4.19.5&#8243; _module_preset=\u00bbdefault\u00bb price_text_color=\u00bb#000000&#8243; subheader_text_color=\u00bb#666666&#8243; header_text_color=\u00bb#ff8f00&#8243; header_level=\u00bbh4&#8243; header_font=\u00bbRubik||||||||\u00bb header_line_height=\u00bb1.4em\u00bb body_font=\u00bb||||||||\u00bb body_font_size=\u00bb16px\u00bb subheader_font=\u00bb||||||||\u00bb subheader_font_size=\u00bb14px\u00bb subheader_line_height=\u00bb1.7em\u00bb price_font=\u00bbVerdana|500|||||||\u00bb price_font_size=\u00bb50px\u00bb currency_frequency_font=\u00bb||||||||\u00bb background_color=\u00bb#ffffff\u00bb custom_button=\u00bbon\u00bb button_text_size=\u00bb13px\u00bb button_text_color=\u00bb#ff8f00&#8243; button_bg_color=\u00bbrgba(255,143,0,0.1)\u00bb button_border_width=\u00bb10px\u00bb button_border_color=\u00bbrgba(0,0,0,0)\u00bb button_border_radius=\u00bb5px\u00bb button_letter_spacing=\u00bb1px\u00bb button_font=\u00bbRubik|||on|||||\u00bb button_use_icon=\u00bboff\u00bb button_alignment=\u00bbcenter\u00bb text_orientation=\u00bbleft\u00bb custom_padding=\u00bb|40px||40px|false|true\u00bb animation_style=\u00bbzoom\u00bb animation_intensity_zoom=\u00bb20%\u00bb body_font_size_phone=\u00bb14px\u00bb body_font_size_last_edited=\u00bboff|desktop\u00bb custom_css_pricing_top=\u00bbborder-color:rgba(0,0,0,0.06) !important;\u00bb border_radii=\u00bbon|24px|24px|24px|24px\u00bb border_width_all=\u00bb0px\u00bb button_letter_spacing_hover=\u00bb1px\u00bb global_colors_info=\u00bb{}\u00bb button_text_size__hover_enabled=\u00bboff\u00bb button_one_text_size__hover_enabled=\u00bboff\u00bb button_two_text_size__hover_enabled=\u00bboff\u00bb button_text_color__hover_enabled=\u00bboff\u00bb button_one_text_color__hover_enabled=\u00bboff\u00bb button_two_text_color__hover_enabled=\u00bboff\u00bb button_border_width__hover_enabled=\u00bboff\u00bb button_one_border_width__hover_enabled=\u00bboff\u00bb button_two_border_width__hover_enabled=\u00bboff\u00bb button_border_color__hover_enabled=\u00bboff\u00bb button_one_border_color__hover_enabled=\u00bboff\u00bb button_two_border_color__hover_enabled=\u00bboff\u00bb button_border_radius__hover_enabled=\u00bboff\u00bb button_one_border_radius__hover_enabled=\u00bboff\u00bb button_two_border_radius__hover_enabled=\u00bboff\u00bb button_letter_spacing__hover_enabled=\u00bbon\u00bb button_letter_spacing__hover=\u00bb1px\u00bb button_one_letter_spacing__hover_enabled=\u00bboff\u00bb button_two_letter_spacing__hover_enabled=\u00bboff\u00bb button_bg_color__hover_enabled=\u00bboff\u00bb button_one_bg_color__hover_enabled=\u00bboff\u00bb button_two_bg_color__hover_enabled=\u00bboff\u00bb][et_pb_pricing_table title=\u00bbPack Stand Platinum\u00bb subtitle=\u00bbValor:\u00bb currency=\u00bb$\u00bb per=\u00bb+ IVA \u00bb sum=\u00bb2.600.000&#8243; button_url=\u00bb#\u00bb header_background_color=\u00bbRGBA(255,255,255,0)\u00bb _builder_version=\u00bb4.19.5&#8243; _module_preset=\u00bbdefault\u00bb header_level=\u00bbh4&#8243; header_font=\u00bbVerdana|700|||||||\u00bb header_text_color=\u00bb#0C71C3&#8243; header_font_size=\u00bb25px\u00bb subheader_font=\u00bbVerdana|600|||||||\u00bb subheader_text_color=\u00bb#000000&#8243; subheader_font_size=\u00bb18px\u00bb price_font=\u00bbVerdana|700|||||||\u00bb price_font_size=\u00bb25px\u00bb price_line_height=\u00bb4px\u00bb box_shadow_style=\u00bbpreset1&#8243; box_shadow_vertical=\u00bb90px\u00bb box_shadow_blur=\u00bb160px\u00bb box_shadow_color=\u00bbrgba(0,0,0,0.06)\u00bb global_colors_info=\u00bb{}\u00bb button_text_size__hover_enabled=\u00bboff\u00bb button_one_text_size__hover_enabled=\u00bboff\u00bb button_two_text_size__hover_enabled=\u00bboff\u00bb button_text_color__hover_enabled=\u00bboff\u00bb button_one_text_color__hover_enabled=\u00bboff\u00bb button_two_text_color__hover_enabled=\u00bboff\u00bb button_border_width__hover_enabled=\u00bboff\u00bb button_one_border_width__hover_enabled=\u00bboff\u00bb button_two_border_width__hover_enabled=\u00bboff\u00bb button_border_color__hover_enabled=\u00bboff\u00bb button_one_border_color__hover_enabled=\u00bboff\u00bb button_two_border_color__hover_enabled=\u00bboff\u00bb button_border_radius__hover_enabled=\u00bboff\u00bb button_one_border_radius__hover_enabled=\u00bboff\u00bb button_two_border_radius__hover_enabled=\u00bboff\u00bb button_letter_spacing__hover_enabled=\u00bboff\u00bb button_one_letter_spacing__hover_enabled=\u00bboff\u00bb button_two_letter_spacing__hover_enabled=\u00bboff\u00bb button_bg_color__hover_enabled=\u00bboff\u00bb button_one_bg_color__hover_enabled=\u00bboff\u00bb button_two_bg_color__hover_enabled=\u00bboff\u00bb sticky_transition=\u00bbon\u00bb]Stand Modulado 3 x 2 m2<br \/>\nUbicaci\u00f3n protag\u00f3nica<br \/>\nGr\u00e1fica alta resoluci\u00f3n<br \/>\nCounter con logo empresa<br \/>\n1 taburete, 1 mesa redonda, 3 sillas y 1 papelero<br \/>\n1 Enchufe triple 3 KW, 1 foco led 20 w<br \/>\n7 entradas full al evento (valor ref: $80.000 c\/u)<br \/>\nDifusi\u00f3n en redes sociales AGV (Linkedin, Instagram, Youtube, Twitter y Facebook)*<br \/>\nVideo empresa en transmisi\u00f3n del evento*<br \/>\nLogo empresa en Web y Gr\u00e1fica del evento<br \/>\nNoticia empresa en web <a href=\"http:\/\/www.viverosdechile.cl\">www.viverosdechile.cl<\/a> y comunicado AGV*[\/et_pb_pricing_table][\/et_pb_pricing_tables][et_pb_text _builder_version=\u00bb4.17.4&#8243; _module_preset=\u00bbdefault\u00bb global_colors_info=\u00bb{}\u00bb]<strong>*Empresa debe otorgar video e im\u00e1genes a difundir.<\/strong>[\/et_pb_text][\/et_pb_column][\/et_pb_row][\/et_pb_section]\n","protected":false},"excerpt":{"rendered":"<p>Espacio Stand 3 x 2 m2 1 Enchufe 100 w 5 entradas full (valor ref: $80.000 c\/u) Difusi\u00f3n en redes sociales AGV (Linkedin, Instagram, Youtube, Twitter y Facebook)* Logo empresa en Web y Gr\u00e1fica del eventoModulaci\u00f3n Stand opcional. Valor adicional desde $660.000 + IVA (incluye estructura, gr\u00e1fica y mobiliario)*Empresa debe otorgar video e im\u00e1genes a [&hellip;]<\/p>\n","protected":false},"author":2,"featured_media":0,"parent":0,"menu_order":0,"comment_status":"closed","ping_status":"closed","template":"","meta":{"_et_pb_use_builder":"on","_et_pb_old_content":"","_et_gb_content_width":"","footnotes":""},"class_list":["post-464","page","type-page","status-publish","hentry"],"_links":{"self":[{"href":"https:\/\/viverosdechile.cl\/agrotrade-peru\/wp-json\/wp\/v2\/pages\/464","targetHints":{"allow":["GET"]}}],"collection":[{"href":"https:\/\/viverosdechile.cl\/agrotrade-peru\/wp-json\/wp\/v2\/pages"}],"about":[{"href":"https:\/\/viverosdechile.cl\/agrotrade-peru\/wp-json\/wp\/v2\/types\/page"}],"author":[{"embeddable":true,"href":"https:\/\/viverosdechile.cl\/agrotrade-peru\/wp-json\/wp\/v2\/users\/2"}],"replies":[{"embeddable":true,"href":"https:\/\/viverosdechile.cl\/agrotrade-peru\/wp-json\/wp\/v2\/comments?post=464"}],"version-history":[{"count":5,"href":"https:\/\/viverosdechile.cl\/agrotrade-peru\/wp-json\/wp\/v2\/pages\/464\/revisions"}],"predecessor-version":[{"id":652,"href":"https:\/\/viverosdechile.cl\/agrotrade-peru\/wp-json\/wp\/v2\/pages\/464\/revisions\/652"}],"wp:attachment":[{"href":"https:\/\/viverosdechile.cl\/agrotrade-peru\/wp-json\/wp\/v2\/media?parent=464"}],"curies":[{"name":"wp","href":"https:\/\/api.w.org\/{rel}","templated":true}]}}